u(r) = 152*r - 328. What is u(31)?
4384
Let j(r) = -32*r**3 + 28863*r**2 + 904*r - 1790. Give j(902).
14
Let l(m) = 14*m**2 - 1218*m - 11194. What is l(-9)?
902
Let g(i) = -315*i**2 - 10393*i + 32. Give g(-33).
-34
Let n(l) = -4*l**2 - 21*l + 122. What is n(-12)?
-202
Let o(v) = v**2 - 628716*v - 8173465. Determine o(-13).
12
Let u(f) = -27*f**3 + 3215*f**2 - 298*f + 7183. Determine u(119).
43
Let u(g) = 772*g - 81013. Calculate u(105).
47
Let l(o) = o**3 + 28*o**2 + 100*o - 141. What is l(-5)?
-66
Let p(j) = 35*j**2 + 133*j - 6816. Give p(-15).
-936
Let v(c) = 49*c**2 - 411*c + 816. Calculate v(5).
-14
Let q(z) = -47259*z + 141779. What is q(3)?
2
Let v(a) = -241369*a - 4103279. Calculate v(-17).
-6
Let p(g) = 2*g**2 - 1633*g + 53239. Calculate p(34).
29
Let d(c) = -30*c**2 + 863*c + 7047. Give d(-8).
-1777
Let u(p) = 1031*p + 4392. Calculate u(-4).
268
Let h(c) = -77697*c + 4351032. Give h(56).
0
Let j(a) = 35*a**2 + 440*a - 1953. Calculate j(-16).
-33
Let n(v) = 2*v**2 + 664*v - 22003. Calculate n(31).
503
Let z(o) = 34*o**2 + 48*o - 614. Calculate z(-5).
-4
Let f(i) = 207*i**2 + 4674*i + 2599. Determine f(-22).
-41
Let s(g) = 1093*g**2 + 104956*g + 2685. Determine s(-96).
-3
Let c(b) = 3*b**3 - 15*b**2 + 1745*b - 22663. Determine c(13).
4078
Let z(c) = -c**3 - 76*c**2 + 1807*c + 47. Determine z(19).
85
Let k(l) = 54010*l - 5509011. Calculate k(102).
9
Let x(r) = 11*r**3 + 603*r**2 - 116*r - 207. Give x(-55).
123
Let t(m) = -259*m**2 - 18*m + 13. Give t(2).
-1059
Let a(h) = -h**3 - 10*h**2 + 145*h + 32. What is a(-18)?
14
Let v(i) = 42318*i - 253884. Give v(6).
24
Let d(j) = j**2 - 10831*j - 261371. What is d(-24)?
-851
Let f(m) = -1346*m + 8706. Give f(7).
-716
Let o(a) = 836*a + 68772. What is o(-83)?
-616
Let y(m) = 2*m**3 + 16*m**2 - 1462*m - 8896. Calculate y(-6).
20
Let d(f) = -585*f - 32817. Calculate d(-56).
-57
Let h(c) = 3*c**3 - 104*c**2 - 132*c + 652. What is h(36)?
1084
Let y(r) = 2*r**2 + 292*r - 4152. Determine y(13).
-18
Let p(h) = 6*h**3 - h**2 + 439*h + 442. Calculate p(-1).
-4
Let y(a) = 3*a**3 - 13*a**2 + 688*a - 2744. Determine y(4).
-8
Let q(h) = -50236*h**2 - 150712*h - 4. Calculate q(-3).
8
Let i(c) = -17543*c - 1420979. Give i(-81).
4
Let u(h) = h**2 - 16068*h + 144535. Calculate u(9).
4
Let n(o) = o**2 + 41*o + 1790. Give n(-63).
3176
Let l(j) = -799*j - 123862. Give l(-155).
-17
Let h(f) = -f**2 + 3348*f - 2024346. Determine h(792).
6
Let k(d) = -d**2 - 57*d - 517. Calculate k(-24).
275
Let i(s) = 75*s**3 + 288*s**2 + 286*s. Calculate i(-1).
-73
Let w(n) = -n**3 - 231*n**2 - 459*n - 233. Determine w(-229).
-4
Let a(u) = -u**2 - 8042*u - 1461203. What is a(-186)?
13
Let x(p) = -4*p**2 + 107*p + 2710. Determine x(-16).
-26
Let u(g) = 9*g**2 - 1346*g + 34291. Give u(32).
435
Let t(n) = n**3 - 15*n**2 - 733*n + 308. Give t(-21).
-175
Let m(x) = -x**2 + 947*x - 38552. Determine m(42).
-542
Let k(w) = -w**2 - 6454*w - 6453. Give k(-1).
0
Let a(h) = -10703*h + 53656. Give a(5).
141
Let j(y) = -479720*y + 4797126. Give j(10).
-74
Let a(i) = -i**3 - 53*i**2 + 237*i + 495. Determine a(-57).
-18
Let g(z) = 184*z + 69201. Calculate g(-376).
17
Let z(h) = -138461*h + 10384573. What is z(75)?
-2
Let c(t) = 13*t**2 - 2671*t - 26657. Calculate c(215).
3
Let z(d) = d**3 + 18*d**2 - 2035*d - 34876. Give z(-17).
8
Let d(a) = -618*a - 40171. Calculate d(-65).
-1
Let g(b) = 37*b**3 + 16*b**2 + b - 12. Calculate g(3).
1134
Let h(r) = 219*r - 5538. What is h(25)?
-63
Let c(m) = 3*m**3 + 392*m**2 + 1386*m + 198728. Give c(-131).
1
Let m(t) = 131*t**2 + 17546*t - 1072. Determine m(-134).
0
Let n(q) = -28683*q - 975224. What is n(-34)?
-2
Let b(q) = -9*q**3 - 34*q**2 + 2015*q + 8034. Calculate b(-4).
6
Let y(q) = 2*q**3 + 7*q**2 - 257*q + 297. What is y(9)?
9
Let c(d) = -d**3 - 523*d**2 - 1217*d - 362786. Give c(-522).
4
Let y(r) = -181388*r - 3264990. Calculate y(-18).
-6
Let u(g) = g**3 - 169*g**2 - 427*g + 269. Give u(-3).
2
Let g(k) = 3*k**2 - 553*k - 13414. Give g(206).
-24
Let q(g) = -526214*g - 6. What is q(0)?
-6
Let p(v) = -6*v**2 - 68*v + 2835. Calculate p(17).
-55
Let r(h) = 5414291*h - 32485743. Give r(6).
3
Let p(t) = 3*t**2 - 2987*t + 78464. Determine p(27).
2
Let x(n) = n**2 + 1330*n - 61871. Give x(45).
4
Let n(k) = -k**3 - 11*k**2 + 60*k + 644. Give n(-8).
-28
Let z(n) = 24481*n + 734435. What is z(-30)?
5
Let s(n) = -n**2 - 1502*n + 624079. Calculate s(339).
-20
Let o(s) = -87969*s + 3254855. What is o(37)?
2
Let l(n) = -1736*n + 3843. Calculate l(2).
371
Let v(s) = -s**3 + 394*s**2 - 5683*s - 760. Determine v(379).
-2
Let i(o) = 2*o**2 - 4*o + 383. Calculate i(14).
719
Let h(r) = -32*r**3 - 1600*r**2 - 11*r - 562. Give h(-50).
-12
Let y(l) = 2*l**2 - 4674*l - 3155074. Calculate y(-547).
22
Let x(o) = o**2 + 50449*o + 403517. Give x(-8).
-11
Let s(g) = -13*g**3 - 7359*g**2 - 539*g + 15281. Determine s(-566).
-1
Let b(r) = -299*r + 2138. Determine b(5).
643
Let s(a) = a**2 - 2458*a + 983356. Determine s(503).
-9
Let v(m) = 3*m**3 - 60*m**2 + 60*m - 2572. Determine v(21).
11
Let b(m) = m**3 - 50*m**2 - 235*m - 2198. Determine b(55).
2
Let n(r) = -142*r + 28226. Determine n(200).
-174
Let o(n) = -n**2 + 1110*n - 285222. Give o(404).
2
Let t(p) = -p**2 - 1629*p - 98. Determine t(0).
-98
Let t(l) = 52*l**3 - 310*l**2 + 304*l - 1901. What is t(6)?
-5
Let z(p) = -p**3 - 21*p**2 - 216*p - 4256. Determine z(-22).
980
Let l(q) = -q**3 - 43*q**2 - 229*q + 57. What is l(-8)?
-351
Let j(o) = 89*o**3 - 4*o**2 + 2831*o - 5647. What is j(2)?
711
Let g(p) = -p**3 + 126*p**2 + 51*p + 9513. Determine g(127).
-139
Let f(m) = 2*m**2 + 330*m - 3858929. Determine f(1309).
3
Let b(r) = 2*r**2 + 648*r - 4. Determine b(-324).
-4
Let a(k) = -122*k**2 + 33*k - 47. Determine a(2).
-469
Let f(d) = -28*d**2 - 79*d - 621. Determine f(-15).
-5736
Let v(y) = -y**2 + 1643*y - 673799. Determine v(854).
7
Let h(l) = 61*l**3 - 38734*l**2 - 523*l - 71121. Give h(635).
-1
Let y(j) = -2952*j**2 - 29521*j + 3. What is y(-10)?
13
Let b(a) = -6354*a + 196993. What is b(31)?
19
Let c(n) = 4*n**3 + 15*n**2 + 40*n + 71. Determine c(-7).
-846
Let i(c) = -12*c**2 + 808*c + 7193. What is i(-9)?
-1051
Let r(u) = -8*u**2 - 290*u - 2628. Give r(-18).
0
Let k(q) = 3*q**3 - 375*q**2 + 2255*q - 281878. Calculate k(125).
-3
Let z(a) = -11466*a - 5022097. Give z(-438).
11
Let s(p) = -p**3 - 2252*p**2 - 11300*p - 326. Give s(-5).
-1
Let s(a) = a**2 - 305*a + 16285. Calculate s(236).
1
Let v(i) = 2*i**3 + 17*i**2 - 58*i - 80. What is v(8)?
1568
Let i(t) = 39*t**3 - 55*t**2 - 65*t - 11. Determine i(-1).
-40
Let b(q) = -q**3 - 4*q**2 + 891*q + 5299. What is b(-6)?
25
Let x(g) = g**2 - 735713*g - 3678599. Calculate x(-5).
-9
Let v(t) = 2*t**2 - 11*t - 914. Calculate v(24).
-26
Let k(v) = 13*v**2 + 691*v + 38. Calculate k(-53).
-68
Let l(z) = -987*z + 49506. Calculate l(50).
156
Let a(n) = 160*n - 1732. Determine a(-6).
-2692
Let b(y) = 4*y**2 + 62*y - 1237. Give b(-27).
5
Let a(v) = v**2 + 203*v + 5682. What is a(-33)?
72
Let w(y) = y**3 - 789*y**2 + 147227*y + 15061. Calculate w(486).
-5
Let p(l) = 7*l**2 + 421*l + 487. Calculate p(-59).
15
Let h(b) = 3975*b + 274218. Calculate h(-69).
-57
Let q(x) = -51*x - 8902. Give q(-166).
-436
Let k(l) = -3*l**3 + 58*l**2 + 2180*l - 2023. Calculate k(38).
-47
Let s(m) = -4*m**3 - 321*m**2 - 2623*m + 284. Give s(-71).
0
Let c(p) = -11*p**2 - 3308*p - 2358. Calculate c(-300).
42
Let a(f) = 49541*f - 346842. Give a(7).
-55
Let t(z) = -2*z**2 + 2042*z - 254044. Calculate t(145).
-4
Let f(s) = -13*s**3 + 13*s**2 + 716*s - 727. Determine f(1).
-11
Let y(g) = -974069*g - 37014625. Give y(-38).
-3
Let z(q) = 10*q**2 - 483*q - 16190. Give z(-23).
209
Let a(x) = -2728*x - 73774. Give a(-27).
-118
Let v(x) = -8*x**3 - 91*x**2 + 48*x - 118. What is v(-12)?
26
Let b(j) = 918*j + 130386. Calculate b(-143).
-888
Let y(g) = 14*g**3 - 10*g**2 - 64*g - 53. Determine y(-1).
-13
Let z(g) = -25*g**3 - 71*g**2 + 213*g - 141. Give z(1).
-24
Let b(c) = 7*c**2 + 1328*c - 452. Calculate b(-190).
-72
Let x(t) = 502*t - 68882. What is x(137)?
-108
Let l(t) = -3*t**3 + 356*t**2 + 13097*t - 1544376. Determine l(119).
6
Let g(u) = -22230*u - 2600915. Determine g(-117).
-5
Let g(k) = -k**3 - 5399*k**2 + 5*k - 20. Determine g(0).
-20
Let f(g) = -3170*g - 16298. Give f(-5